).
178
Let m(o) = 795*o + 42130. Determine m(-53).
-5
Let h(f) = -2*f**3 - 5*f**2 - 4*f. Give h(-3).
21
Let f(l) = l**2 + 25*l + 136. Give f(-17).
0
Let u(i) = 3*i**3 - 22*i**2 - 12*i - 12. Give u(8).
20
Let c(j) = -j**2 + 4*j + 26. What is c(11)?
-51
Let d(p) = p**3 - 111*p**2 + 1956*p + 172. Calculate d(89).
-6
Let d(r) = -r**3 + 3*r**2 + 214*r - 1173. Determine d(6).
3
Let m(b) = 1143*b + 12572. Determine m(-11).
-1
Let s(k) = -k**2 + 58*k - 190. Give s(54).
26
Let n(p) = -3*p**3 + 116*p**2 + 35*p + 172. Determine n(39).
16
Let w(u) = u**2 - 49*u + 422. Calculate w(11).
4
Let c(b) = 17*b + 168. Calculate c(-6).
66
Let l(p) = -p**3 + 25*p**2 + 56*p + 732. What is l(28)?
-52
Let t(k) = -k**2 - 11*k + 4. What is t(4)?
-56
Let w(t) = t**3 - 7*t**2 - 183*t + 1394. Determine w(8).
-6
Let l(c) = c**3 + 116*c**2 + 372*c + 3729. Determine l(-113).
0
Let x(n) = -2*n**2 + 204. What is x(-14)?
-188
Let v(s) = -2555*s + 12796. Calculate v(5).
21
Let i(u) = -4*u**2 - 106*u + 73. What is i(-28)?
-95
Let r(g) = -4*g**3 + 2*g**2 - 9*g + 1. What is r(4)?
-259
Let b(s) = -226*s + 7. Determine b(0).
7
Let n(a) = a**3 - 34*a**2 - 8*a + 2311. What is n(32)?
7
Let p(d) = 203*d - 16239. What is p(80)?
1
Let g(w) = 18*w - 249. Determine g(20).
111
Let q(d) = -d**2 + 14*d - 87. Give q(8).
-39
Let l(z) = -z**3 - 11*z**2 - 192*z - 2109. Determine l(-11).
3
Let k(c) = -2*c**3 - 30*c**2 - 56*c - 49. Determine k(-13).
3
Let o(c) = 436*c + 17867. Determine o(-41).
-9
Let k(y) = -174*y + 598. What is k(4)?
-98
Let b(w) = 244*w + 3155. Calculate b(-13).
-17
Let r(t) = 494*t + 3943. What is r(-8)?
-9
Let t(h) = 3*h**2 - 2*h - 127. Give t(-9).
134
Let j(i) = -i**3 - 55*i**2 - 545*i + 77. Calculate j(-42).
35
Let b(a) = -a**3 + 8*a**2 + 87*a + 24. Give b(-6).
6
Let b(w) = 77*w - 377. Determine b(11).
470
Let m(l) = -1292*l + 5095. Determine m(4).
-73
Let r(u) = 94*u + 7018. Calculate r(-75).
-32
Let p(j) = j**3 - 5*j**2 - 170*j - 469. What is p(-3)?
-31
Let h(o) = o**2 - 293. What is h(12)?
-149
Let k(r) = r**3 - 183*r**2 - 169*r - 2770. What is k(184)?
-10
Let r(o) = 94*o - 3499. What is r(37)?
-21
Let m(g) = -8*g**2 + 24*g - 108. What is m(4)?
-140
Let k(v) = -18*v - 68. Calculate k(4).
-140
Let q(t) = -2*t**2 + 41*t - 96. Calculate q(18).
-6
Let l(u) = -16*u**2 - 7*u + 10. Give l(3).
-155
Let i(b) = -3*b + 44. Calculate i(13).
5
Let m(x) = x**2 - 65*x - 770. Give m(-10).
-20
Let d(f) = f**2 - 253*f + 3362. Calculate d(14).
16
Let z(q) = q**2 + 108*q + 1966. Give z(-23).
11
Let c(v) = 460*v - 28388. Determine c(62).
132
Let a(n) = n**3 - 92*n**2 - 379*n - 495. Determine a(96).
-15
Let f(x) = -14*x**2 + 31*x + 4. What is f(-2)?
-114
Let y(j) = 2*j**3 + 40*j**2 + 10*j - 54. Determine y(-20).
-254
Let s(f) = 35*f - 548. What is s(18)?
82
Let q(c) = 2*c**3 + 28*c**2 + 103*c + 53. Determine q(-8).
-3
Let p(a) = 4*a**2 + 20*a + 71. What is p(-4)?
55
Let r(z) = -3*z + 189. Calculate r(-3).
198
Let s(c) = -178*c - 8352. Determine s(-47).
14
Let d(t) = -7*t**3 - 3*t**2 + 7*t - 11. Give d(2).
-65
Let i(d) = d**3 + 291*d**2 - 1179*d - 3. Give i(4).
1
Let l(n) = -91*n**3 + n**2 - 13*n + 11. Determine l(1).
-92
Let l(v) = -4*v**3 - 26*v**2 + 22*v + 64. Give l(-7).
8
Let x(w) = w**2 - 7*w + 63. Calculate x(5).
53
Let c(w) = 10*w**2 + 700*w - 1429. Determine c(-72).
11
Let t(g) = -g**2 + 2*g - 89. Calculate t(0).
-89
Let m(o) = 215*o - 5163. What is m(24)?
-3
Let r(f) = -2*f**2 - 57*f - 298. Calculate r(-15).
107
Let i(m) = -234*m + 1157. Calculate i(5).
-13
Let f(v) = 16*v + 119. Determine f(-14).
-105
Let o(m) = 1224*m - 2381. Determine o(2).
67
Let m(r) = r**3 + 5*r**2 + 50*r + 263. Determine m(-5).
13
Let x(b) = 23*b - 245. Give x(9).
-38
Let a(y) = 142*y**3 + 6*y - 5. Give a(1).
143
Let a(q) = 108*q - 184. Give a(2).
32
Let d(g) = g**2 + 55*g + 652. Give d(-37).
-14
Let g(r) = -72*r - 612. What is g(-7)?
-108
Let t(f) = -3*f**3 + f**2 - 29*f - 78. Give t(-3).
99
Let t(q) = q**2 + 13*q - 28. Calculate t(2).
2
Let n(x) = -12*x**2 + x. Calculate n(-1).
-13
Let y(t) = -13*t**2 + 83*t + 19. Give y(7).
-37
Let l(k) = 4*k**2 + 49*k - 7. Give l(-13).
32
Let a(w) = -3*w**3 - 22*w**2 - 17*w - 48. Determine a(-7).
22
Let x(n) = 18*n**2 - 515*n + 42. Calculate x(28).
-266
Let t(x) = 5131*x - 41045. Give t(8).
3
Let g(c) = -338*c + 217. Calculate g(1).
-121
Let a(j) = -j**2 - 137*j + 280. Calculate a(2).
2
Let k(f) = f**3 - 47*f**2 + 62*f + 1253. What is k(45)?
-7
Let j(v) = -2*v - 463. Calculate j(-17).
-429
Let g(w) = -1525*w + 42713. Give g(28).
13
Let j(i) = i**3 + 2*i**2 - 48*i + 101. What is j(3)?
2
Let i(w) = -w**2 - 28*w + 1246. Determine i(24).
-2
Let o(z) = 175*z - 25. What is o(-2)?
-375
Let u(a) = 2*a**3 - 58*a**2 + 53*a + 59. Calculate u(28).
-25
Let q(h) = -h**3 - 387*h**2 - 4864*h + 2. Give q(-13).
28
Let r(o) = o**3 + 32*o**2 + 244*o - 1. Calculate r(-19).
56
Let a(w) = -w**2 + 4695*w - 32816. Give a(7).
0
Let s(n) = n**2 + 19*n + 83. Determine s(-19).
83
Let x(n) = -3*n**3 - 17*n**2 + 41*n + 199. What is x(-6)?
-11
Let n(m) = -19*m - 102. Calculate n(0).
-102
Let j(b) = -137*b + 15757. Give j(115).
2
Let u(c) = 11*c**2 + 131*c - 5. Calculate u(-12).
7
Let m(l) = l**3 + 33*l**2 - 30*l + 10. Calculate m(4).
482
Let r(v) = -41*v + 1174. Give r(33).
-179
Let t(a) = -9063*a + 18129. Calculate t(2).
3
Let s(t) = t**3 + 23*t**2 - 5*t + 484. Give s(-24).
28
Let l(j) = 3*j**2 - 12*j - 190. Give l(10).
-10
Let y(w) = -18*w - 202. Determine y(-9).
-40
Let v(p) = 2*p**3 - 19*p + 31. Give v(3).
28
Let z(y) = 506*y - 33912. What is z(67)?
-10
Let s(o) = 68*o**2 - 480*o + 10. What is s(7)?
-18
Let m(h) = -7*h**2 + 62*h - 53. What is m(9)?
-62
Let t(f) = 2*f**3 - 6*f**2 - 28*f + 3. Determine t(5).
-37
Let y(v) = v**3 - 6*v**2 - 27*v + 136. Give y(4).
-4
Let t(j) = -j**2 + 92*j + 2087. Determine t(-19).
-22
Let a(c) = 31*c**2 + 377*c + 64. Give a(-12).
4
Let u(f) = -f**3 - 13*f**2 - 20*f + 115. Calculate u(-12).
211
Let u(j) = 6*j**2 + 308*j - 8. What is u(-51)?
-110
Let j(r) = 97*r**2 + 15*r - 21. Give j(2).
397
Let x(t) = -691*t - 12444. What is x(-18)?
-6
Let o(p) = -p**2 + 26*p - 165. Calculate o(5).
-60
Let u(t) = -43*t - 1321. Calculate u(-29).
-74
Let k(c) = 6433*c - 25744. Determine k(4).
-12
Let m(w) = -3*w + 192. Determine m(-11).
225
Let a(t) = 9*t**3 - 65*t**2 - 79*t - 14. Calculate a(-1).
-9
Let f(z) = -2*z**3 - 7*z**2 + 39*z + 110. Calculate f(-5).
-10
Let x(h) = 38*h - 1813. Give x(48).
11
Let w(t) = 2*t**3 + 3*t**2 - 128*t - 16. Determine w(-9).
-79
Let c(b) = -287*b - 62. Give c(1).
-349
Let n(l) = -l**3 + 13*l**2 - 26*l - 64. Determine n(8).
48
Let q(a) = 2*a**2 + 213*a + 1462. Give q(-7).
69
Let y(g) = -17*g - 106. What is y(7)?
-225
Let p(f) = -39*f + 627. What is p(17)?
-36
Let u(w) = -4*w**2 - 70*w + 1204. Determine u(13).
-382
Let c(m) = 2*m**3 - 13*m**2 - 5*m - 15. Calculate c(7).
-1
Let j(f) = f**3 - 37*f**2 + 30*f + 75. Determine j(36).
-141
Let l(r) = r**2 - 187*r + 553. Determine l(3).
1
Let x(s) = -246*s**2 - 738*s - 8. Calculate x(-3).
-8
Let x(s) = -s**3 - 30*s**2 - 68*s - 407. Calculate x(-28).
-71
Let x(z) = -4*z + 171. Give x(13).
119
Let k(t) = 11*t + 217. What is k(-23)?
-36
Let k(z) = z**2 + 100*z - 2336. Give k(23).
493
Let d(m) = m**3 + 3*m**2 + 26*m + 119. Give d(-4).
-1
Let x(t) = t**2 - 21*t - 187. Determine x(24).
-115
Let y(s) = -29*s**2 + 298*s - 674. Calculate y(7).
-9
Let w(p) = 2*p**3 - 35*p**2 + 79*p - 85. Determine w(15).
-25
Let z(h) = -2*h**2 + 92*h + 10806. Determine z(100).
6
Let i(s) = -s**2 - 151*s + 5648. What is i(-182)?
6
Let j(l) = 2*l**3 - 77*l**2 + 112*l - 34. What is j(37)?
3
Let p(x) = 3*x + 15. Determine p(-20).
-45
Let j(p) = 5*p**3 - 54*p**2 + 43*p + 34. Calculate j(8).
-518
Let i(q) = -q**3 + 41*q**2 - 40*q + 4. Give i(40).
4
Let i(o) = o**3 + 90*o**2 + 342*o + 14601. Calculate i(-88).
-7
Let o(c) = 2*c**3 - 38*c**2 - 20*c + 14. Give o(19).
-366
Let t(s) = -3*s**3 - 3*s**2 + 2. Calculate t(3).
-106
Let t(u) = -u**3 - 50*u**2 - 264*u - 50. Calculate t(-44).
-50
Let j(q) = -3*q**3 + 62*q**2 + 98*q - 214. Calculate j(22).
6
Let o(k) = 65*k + 1362. What is o(-21)?
-3
Let v(q) = q**2 - 41*q + 317. Calculate v(31).
7
Let a(d) = -10*d + 1484. Determine a(148).
4
Let q(o) = 14*o - 343. Give q(23).
-21
Let r(m) = m**3 - 49*m**2 + 188*